{"id":424,"date":"2021-02-08T17:46:40","date_gmt":"2021-02-08T16:46:40","guid":{"rendered":"https:\/\/villeurbanne-2.circo.ac-lyon.fr\/wordpress\/?page_id=424"},"modified":"2023-03-10T11:02:19","modified_gmt":"2023-03-10T10:02:19","slug":"accueil","status":"publish","type":"page","link":"https:\/\/villeurbanne-2.circo.ac-lyon.fr\/wordpress\/","title":{"rendered":""},"content":{"rendered":"<div class=\"wp-block-image\">\n<figure class=\"aligncenter size-large\"><img decoding=\"async\" width=\"474\" height=\"65\" src=\"https:\/\/villeurbanne-2.circo.ac-lyon.fr\/wordpress\/wp-content\/uploads\/2021\/04\/Actualites.png\" alt=\"\" class=\"wp-image-542\" srcset=\"https:\/\/villeurbanne-2.circo.ac-lyon.fr\/wordpress\/wp-content\/uploads\/2021\/04\/Actualites.png 474w, https:\/\/villeurbanne-2.circo.ac-lyon.fr\/wordpress\/wp-content\/uploads\/2021\/04\/Actualites-300x41.png 300w\" sizes=\"(max-width: 474px) 100vw, 474px\" \/><\/figure>\n<\/div>\n\n\n<p class=\"has-text-align-center has-large-font-size\"><strong><span style=\"color:#24890d\" class=\"tadv-color\"><\/span><\/strong><\/p>\n\n\n\n<p><\/p>\n\n\n\n<p><em>Contribuez \u00e0 la vie du site en nous envoyant les projets de vos \u00e9coles. Nous les publierons dans la rubrique \u00ab\u00a0La vie des \u00e9coles\u00a0\u00bb.<\/em><\/p>\n\n\n\n<p><a href=\"https:\/\/villeurbanne-2.circo.ac-lyon.fr\/wordpress\/2023\/03\/09\/langues-vivantes-son-et-numerique\/\">Langues vivantes, son et num\u00e9rique<\/a>:<\/p>\n\n\n\n<div style=\"width: 100%;\">\n<div style=\"position: relative; padding-bottom: 56.25%; padding-top: 0; height: 0;\"><iframe loading=\"lazy\" style=\"position: absolute; top: 0; left: 0; width: 100%; height: 100%;\" title=\"Langues vivantes, son &amp; Num\u00e9rique\" src=\"https:\/\/view.genial.ly\/63984bcaa731d60018a68795\" scrolling=\"yes\" allowfullscreen=\"allowfullscreen\" width=\"1200px\" height=\"675px\" frameborder=\"0\"><\/iframe><\/div>\n<p>&nbsp;<\/p>\n<\/div>\n\n\n\n<p><a href=\"https:\/\/villeurbanne-2.circo.ac-lyon.fr\/wordpress\/2022\/05\/19\/marche-des-connaissances-mathematiques-au-cycle-1\/\">March\u00e9 des connaissances math\u00e9matiques au cycle 1<\/a>:<\/p>\n\n\n<div class=\"wp-block-image\">\n<figure class=\"aligncenter size-full\"><img decoding=\"async\" width=\"494\" height=\"493\" src=\"https:\/\/villeurbanne-2.circo.ac-lyon.fr\/wordpress\/wp-content\/uploads\/2022\/05\/Marche-des-connaissances-1.jpg\" alt=\"\" class=\"wp-image-919\" srcset=\"https:\/\/villeurbanne-2.circo.ac-lyon.fr\/wordpress\/wp-content\/uploads\/2022\/05\/Marche-des-connaissances-1.jpg 494w, https:\/\/villeurbanne-2.circo.ac-lyon.fr\/wordpress\/wp-content\/uploads\/2022\/05\/Marche-des-connaissances-1-300x300.jpg 300w, https:\/\/villeurbanne-2.circo.ac-lyon.fr\/wordpress\/wp-content\/uploads\/2022\/05\/Marche-des-connaissances-1-150x150.jpg 150w\" sizes=\"(max-width: 494px) 100vw, 494px\" \/><\/figure>\n<\/div>\n\n\n<p><a href=\"https:\/\/villeurbanne-2.circo.ac-lyon.fr\/wordpress\/2022\/05\/14\/projet-eveil-aux-langues-et-semaine-des-langues-vivantes-a-lecole-maternelle-pasteur\/\">Eveil aux langues vivantes <\/a>\u00e0 l&rsquo;\u00e9cole maternelle Pasteur: d\u00e9couverte de l&rsquo;album <em>Brown bear, Brown bear, what do you see ?<\/em><\/p>\n\n\n<div class=\"wp-block-image\">\n<figure class=\"aligncenter size-full\"><img decoding=\"async\" width=\"817\" height=\"565\" src=\"https:\/\/villeurbanne-2.circo.ac-lyon.fr\/wordpress\/wp-content\/uploads\/2022\/05\/Brown-bear-0.jpg\" alt=\"\" class=\"wp-image-912\" srcset=\"https:\/\/villeurbanne-2.circo.ac-lyon.fr\/wordpress\/wp-content\/uploads\/2022\/05\/Brown-bear-0.jpg 817w, https:\/\/villeurbanne-2.circo.ac-lyon.fr\/wordpress\/wp-content\/uploads\/2022\/05\/Brown-bear-0-300x207.jpg 300w\" sizes=\"(max-width: 817px) 100vw, 817px\" \/><\/figure>\n<\/div>\n\n\n<p>2 avril: <a href=\"https:\/\/villeurbanne-2.circo.ac-lyon.fr\/wordpress\/category\/categorie-1\/cfc-2022\/\">F\u00eate du livre jeunesse de Villeurbanne<\/a>, Grandir, venez revisiter les stands des \u00e9coles.<\/p>\n\n\n<div class=\"wp-block-image\">\n<figure class=\"aligncenter size-full\"><img decoding=\"async\" width=\"631\" height=\"476\" src=\"https:\/\/villeurbanne-2.circo.ac-lyon.fr\/wordpress\/wp-content\/uploads\/2022\/04\/FDLJ3.jpg\" alt=\"\" class=\"wp-image-895\" srcset=\"https:\/\/villeurbanne-2.circo.ac-lyon.fr\/wordpress\/wp-content\/uploads\/2022\/04\/FDLJ3.jpg 631w, https:\/\/villeurbanne-2.circo.ac-lyon.fr\/wordpress\/wp-content\/uploads\/2022\/04\/FDLJ3-300x226.jpg 300w\" sizes=\"(max-width: 631px) 100vw, 631px\" \/><\/figure>\n<\/div>\n\n\n<p>D\u00e9fi robots martiens \u00e0 <a href=\"https:\/\/villeurbanne-2.circo.ac-lyon.fr\/wordpress\/2022\/03\/09\/defi-robots-martiens-a-lecole-elementaire-pasteur\/\">l&rsquo;\u00e9cole \u00e9l\u00e9mentaire Pasteur<\/a><\/p>\n\n\n\n<p>18 mars: <a href=\"https:\/\/villeurbanne-2.circo.ac-lyon.fr\/wordpress\/category\/pedagogie\/ressources-tous-cycles\/\">ressources Canop\u00e9<\/a> pour aborder le conflit en Ukraine<\/p>\n\n\n<div class=\"wp-block-image\">\n<figure class=\"aligncenter size-full\"><img decoding=\"async\" width=\"775\" height=\"538\" src=\"https:\/\/villeurbanne-2.circo.ac-lyon.fr\/wordpress\/wp-content\/uploads\/2022\/03\/Pasteur-robots-1-1.jpg\" alt=\"\" class=\"wp-image-863\" srcset=\"https:\/\/villeurbanne-2.circo.ac-lyon.fr\/wordpress\/wp-content\/uploads\/2022\/03\/Pasteur-robots-1-1.jpg 775w, https:\/\/villeurbanne-2.circo.ac-lyon.fr\/wordpress\/wp-content\/uploads\/2022\/03\/Pasteur-robots-1-1-300x208.jpg 300w\" sizes=\"(max-width: 775px) 100vw, 775px\" \/><\/figure>\n<\/div>\n\n\n<p>Les <a href=\"https:\/\/villeurbanne-2.circo.ac-lyon.fr\/wordpress\/category\/categorie-1\/en-direct-des-ecoles\/\">petits d\u00e9jeuners \u00e0 l&rsquo;\u00e9cole Albert Camus<\/a> racont\u00e9s depuis une classe de GS<\/p>\n\n\n\n<p>8 mars: journ\u00e9e internationale des droits des femmes,<a href=\"https:\/\/villeurbanne-2.circo.ac-lyon.fr\/wordpress\/2022\/03\/08\/8-mars-journee-internationale-des-droits-des-femmes\/\"> l&rsquo;exposition de l&rsquo;\u00e9cole \u00e9l\u00e9mentaire L\u00e9on Jouhaux<\/a><\/p>\n\n\n\n<figure class=\"wp-block-image size-full\"><img decoding=\"async\" width=\"894\" height=\"579\" src=\"https:\/\/villeurbanne-2.circo.ac-lyon.fr\/wordpress\/wp-content\/uploads\/2022\/03\/JBaker.jpg\" alt=\"\" class=\"wp-image-829\" srcset=\"https:\/\/villeurbanne-2.circo.ac-lyon.fr\/wordpress\/wp-content\/uploads\/2022\/03\/JBaker.jpg 894w, https:\/\/villeurbanne-2.circo.ac-lyon.fr\/wordpress\/wp-content\/uploads\/2022\/03\/JBaker-300x194.jpg 300w\" sizes=\"(max-width: 894px) 100vw, 894px\" \/><\/figure>\n\n\n\n<p>1er mars 2022: La <a href=\"https:\/\/villeurbanne-2.circo.ac-lyon.fr\/wordpress\/2022\/03\/01\/la-cabane-a-histoire-du-musee-des-confluences-arrive-a-lecole-elementaire-pasteur\/\">Cabane \u00e0 histoire <\/a>du mus\u00e9e des Confluences arrive \u00e0 l&rsquo;\u00e9cole Pasteur.<\/p>\n\n\n\n<p>F\u00e9vrier 2022: Parution du Guide <a href=\"https:\/\/villeurbanne-2.circo.ac-lyon.fr\/wordpress\/2022\/03\/02\/guide-enseigner-la-comprehension-au-cours-moyen\/\">Compr\u00e9hension au CM <\/a><\/p>\n\n\n\n<p><br>Janvier 2022: inauguration de <a href=\"https:\/\/villeurbanne-2.circo.ac-lyon.fr\/wordpress\/category\/categorie-1\/en-direct-des-ecoles\/\">Villeurbanne, capitale fran\u00e7aise de la culture <\/a><\/p>\n\n\n\n<p>Parution du Guide <a href=\"https:\/\/villeurbanne-2.circo.ac-lyon.fr\/wordpress\/2022\/01\/25\/parution-du-guide-resolution-de-problemes-au-cycle-3\/\">R\u00e9solution de probl\u00e8mes au CM<\/a><\/p>\n\n\n\n<p>Et\u00e9 2021- \u00e9t\u00e9 2022: <a href=\"https:\/\/www.education.gouv.fr\/ete-2021-ete-2022-la-lecture-grande-cause-nationale-323642\">la <strong>lecture<\/strong>, <strong>grande cause nationale<\/strong><\/a><\/p>\n\n\n\n<p><\/p>\n\n\n\n<p><\/p>\n\n\n\n<h2 class=\"wp-block-heading advgb-dyn-0c5e8671\" id=\"le-pelemele-de-la-circo\"><\/h2>\n","protected":false},"excerpt":{"rendered":"<p>Contribuez \u00e0 la vie du site en nous envoyant les projets de vos \u00e9coles. Nous les publierons dans la rubrique \u00ab\u00a0La vie des \u00e9coles\u00a0\u00bb. Langues vivantes, son et num\u00e9rique: &nbsp; &hellip; <a href=\"https:\/\/villeurbanne-2.circo.ac-lyon.fr\/wordpress\/\" class=\"more-link\">Continuer la lecture de <span class=\"screen-reader-text\"><\/span>  <span class=\"meta-nav\">&rarr;<\/span><\/a><\/p>\n","protected":false},"author":6,"featured_media":0,"parent":0,"menu_order":0,"comment_status":"closed","ping_status":"closed","template":"","meta":{"advgb_blocks_editor_width":"","advgb_blocks_columns_visual_guide":"","ngg_post_thumbnail":0,"_EventAllDay":false,"_EventTimezone":"","_EventStartDate":"","_EventEndDate":"","_EventStartDateUTC":"","_EventEndDateUTC":"","_EventShowMap":false,"_EventShowMapLink":false,"_EventURL":"","_EventCost":"","_EventCostDescription":"","_EventCurrencySymbol":"","_EventCurrencyCode":"","_EventCurrencyPosition":"","_EventDateTimeSeparator":"","_EventTimeRangeSeparator":"","_EventOrganizerID":[],"_EventVenueID":0,"_OrganizerEmail":"","_OrganizerPhone":"","_OrganizerWebsite":"","_VenueAddress":"","_VenueCity":"","_VenueCountry":"","_VenueProvince":"","_VenueZip":"","_VenuePhone":"","_VenueURL":"","_VenueStateProvince":"","_VenueLat":"","_VenueLng":"","footnotes":""},"class_list":["post-424","page","type-page","status-publish","hentry"],"coauthors":[],"author_meta":{"author_link":"https:\/\/villeurbanne-2.circo.ac-lyon.fr\/wordpress\/author\/achareyron\/","display_name":"Alice Chareyron"},"relative_dates":{"created":"Publi\u00e9 5 ans il y a","modified":"Mis \u00e0 jour 3 ans il y a"},"absolute_dates":{"created":"Publi\u00e9 le 8 f\u00e9vrier 2021","modified":"Mise \u00e0 jour le 10 mars 2023"},"absolute_dates_time":{"created":"Publi\u00e9 le 8 f\u00e9vrier 2021 17 h 46 min","modified":"Mise \u00e0 jour le 10 mars 2023 11 h 02 min"},"featured_img_caption":"","featured_img":false,"series_order":"","_links":{"self":[{"href":"https:\/\/villeurbanne-2.circo.ac-lyon.fr\/wordpress\/wp-json\/wp\/v2\/pages\/424","targetHints":{"allow":["GET"]}}],"collection":[{"href":"https:\/\/villeurbanne-2.circo.ac-lyon.fr\/wordpress\/wp-json\/wp\/v2\/pages"}],"about":[{"href":"https:\/\/villeurbanne-2.circo.ac-lyon.fr\/wordpress\/wp-json\/wp\/v2\/types\/page"}],"author":[{"embeddable":true,"href":"https:\/\/villeurbanne-2.circo.ac-lyon.fr\/wordpress\/wp-json\/wp\/v2\/users\/6"}],"replies":[{"embeddable":true,"href":"https:\/\/villeurbanne-2.circo.ac-lyon.fr\/wordpress\/wp-json\/wp\/v2\/comments?post=424"}],"version-history":[{"count":77,"href":"https:\/\/villeurbanne-2.circo.ac-lyon.fr\/wordpress\/wp-json\/wp\/v2\/pages\/424\/revisions"}],"predecessor-version":[{"id":1051,"href":"https:\/\/villeurbanne-2.circo.ac-lyon.fr\/wordpress\/wp-json\/wp\/v2\/pages\/424\/revisions\/1051"}],"wp:attachment":[{"href":"https:\/\/villeurbanne-2.circo.ac-lyon.fr\/wordpress\/wp-json\/wp\/v2\/media?parent=424"}],"curies":[{"name":"wp","href":"https:\/\/api.w.org\/{rel}","templated":true}]}}